7
Let b(k) be the first derivative of k**4/8 - 4*k**3 - 11*k**2/2 + 4. Let n(o) be the second derivative of b(o). List the prime factors of n(13).
3, 5
Let n(p) = -12*p**2 + 26*p + 3. Let z be n(-8). Let u = -342 - z. List the prime factors of u.
631
Suppose 6*m + 1736 = -5308. Let h = m + 1944. List the prime factors of h.
2, 5, 7, 11
Let z(h) = h**2 - 7*h - 60. Let g be z(12). Suppose -3*n + g*n = -q + 428, 2*n + 432 = q. List the prime factors of q.
2, 5, 11
Let v = 34 + -29. Suppose -3*d = v*m - 1167, -5*d = -m - d + 215. What are the prime factors of m?
3, 7, 11
Let i = -4 + 11. Let b(x) = 4*x - 4. Let n be b(i). Let u = -7 + n. List the prime factors of u.
17
Suppose 0 = -9*q - q + 319721 + 45809. What are the prime factors of q?
11, 3323
Let o(w) = -6217*w - 3035. What are the prime factors of o(-11)?
2, 3, 7, 389
Let s be (0 - 6/4)/(9/(-18)). Suppose 0 = s*b - 12. Suppose 6*y - y + 5*u = 755, b*y = u + 579. What are the prime factors of y?
2, 73
Let k = -7 - -14. Let w(l) = 42*l - 28. Let i be w(k). What are the prime factors of (i/(-4))/(-7)*(0 - -2)?
19
Suppose -11*s + 7*s + 1424 = 0. Suppose 1928 = 5*d + 4*w, 5*d - w = 1562 + s. List the prime factors of d.
2, 3
Suppose 52349 = 2*v - h, -238*v + h = -234*v - 104697. What are the prime factors of v?
2, 23, 569
Let a(y) = 356*y - 24. Let i be a(14). Let k = i + -3365. List the prime factors of k.
5, 11, 29
Suppose 47 - 102 = -5*c. Suppose c*z = 327 + 69. List the prime factors of z.
2, 3
Let p = 10 + -14. What are the prime factors of (-18)/(1 + p) - -116?
2, 61
Suppose 2*f + 2908 = -3*m, f - 5*m + 680 = -761. Let s = f - -2646. What are the prime factors of s?
5, 239
Let r(u) = 17*u**2 + 23*u + 229. What are the prime factors of r(-8)?
11, 103
Let o(g) = 11*g - 73. Let d be o(8). Suppose 0 = 81*r - 83*r + 794. Suppose -d*x + 1778 = -r. List the prime factors of x.
5, 29
Let l(i) = -i**3 - 8*i**2 - 13*i - 1. Let x be l(-3). Let b(d) = -d**2 - 14*d - 23. Let g be b(x). Suppose -g*u + 1197 = -19*u. List the prime factors of u.
3, 19
Suppose -5*l = 5*t - 89300, -5305 = -l + 4*t + 12585. What are the prime factors of l?
2, 8933
Let u(q) = -2*q**2 - 13*q + 9. Let w be u(-7). Suppose 2*t - 3*t - 1724 = -4*h, 0 = 5*h + w*t - 2142. List the prime factors of h.
2, 5, 43
Let a(m) = 67*m**2 - 81*m + 9. Let h be a(7). Suppose -5651 = -12*v + h. What are the prime factors of v?
2, 349
Let r = -352 + 560. Suppose -2*k = 4*q + r, q + 2*k = -0*k - 55. List the prime factors of (q/34)/((-125)/122 - -1).
61
List the prime factors of (-129)/(-344) + (-118585)/(-40).
5, 593
Let j = 26990 - 1461. What are the prime factors of j?
7, 521
Let b(x) = 3*x**2 + 3*x + 7. Let y be b(-2). Suppose -y*m + 7663 - 1488 = 0. What are the prime factors of m?
5, 19
Let k(f) = 24*f**2 - 3*f + 64. Let w be k(7). Suppose w*g - 6080 = 1214*g. What are the prime factors of g?
2, 19
Suppose 0 = 4*y - 0*y + 3*u - 7811, 0 = u - 1. Suppose -31*n = -39*n + y. What are the prime factors of n?
2, 61
Suppose -3*i + 12 + 0 = 0. Suppose 2 = g - 4. Suppose -2*l - 20 = -g*l, -3*d - i*l = -110. List the prime factors of d.
2, 3, 5
Let x(p) = 3*p**2 + 6*p + 2. Let r be x(-2). Suppose -r*f - 3*q + 33 = 3*f, 3*f - 19 = -q. Suppose 0 = -f*s + 5*s + 11. What are the prime factors of s?
11
Let k be -1 + 13 - 385/55. Suppose -2*r = -2 - 8. Suppose 0*y = b + 2*y - 12, -k*b = -r*y. What are the prime factors of b?
2
Let o(l) = l**3 - 9*l**2 - 40*l - 15. Let x be o(13). Let c = 512 - x. What are the prime factors of c?
7, 53
Suppose -59*q + 52935 + 851183 + 635959 = 0. What are the prime factors of q?
3, 7, 11, 113
Let h = -11868 - -17274. List the prime factors of h.
2, 3, 17, 53
List the prime factors of (4315/(-7))/((-240)/1680).
5, 863
Let u(c) = c**2 + c + 4. Let b be u(0). What are the prime factors of -790*b*2/20*-2?
2, 79
Let d(b) = 469*b**2 + 26*b - 47. List the prime factors of d(5).
2, 3, 41
Suppose -3*n = -6*a + 1845, -270*a + 3*n = -266*a - 1225. Let p(v) = -v + 8. Let o be p(0). Suppose 2*j - a = -o*j. What are the prime factors of j?
31
Suppose 0 = 132*i - 64*i - 125528. What are the prime factors of i?
2, 13, 71
Let o be (-4224)/56 + 3 - 4/7. Let n = o - -192. List the prime factors of n.
7, 17
Suppose 47*q - 50412 - 65725 = 0. List the prime factors of q.
7, 353
Suppose 2*u = -5*b + 74, 4*u + 9 - 45 = -3*b. Let s be 3 + (b/(-10))/((-4)/(-10)). List the prime factors of (s/(-2))/(24/336).
7
Suppose 2*k + 8 = -2*k, 2*l + k + 4 = 0. Let z(o) = -99*o**2 - 1. Let w be z(l). Let a = 280 + w. What are the prime factors of a?
2, 3, 5
Let w = -290 + 312. Suppose 2286 = w*o - 16*o. What are the prime factors of o?
3, 127
Let f(g) = 63*g - 137. Let i be f(5). Let m = 183 - i. What are the prime factors of m?
5
Suppose -4*c = 4*k - 68968, 76*c - 71*c - 68971 = -4*k. List the prime factors of k.
17239
Let r(k) = -678*k - 286. What are the prime factors of r(-5)?
2, 97
Let f = 25360 + -13645. List the prime factors of f.
3, 5, 11, 71
Let s(d) = d**3 + 2*d**2 + d + 4. Let k be s(-2). Suppose k*i + w + 249 = 0, -4*w + 6*w = -i - 120. Let u = i - -193. List the prime factors of u.
67
Suppose -g - 3*g - 25 = -5*l, -3*l + 2*g = -13. Let b(h) = 2*h + 1. Let f be b(l). Suppose r - f*x - 59 = 0, 0*r + 2*x = 5*r - 360. List the prime factors of r.
2, 37
Suppose -4*c + 21016 = 2*t, 5*c + 9061 = t - 1426. What are the prime factors of t?
2, 59, 89
Let v(r) = 24*r**3 - 16*r**2 + 32*r + 3. List the prime factors of v(6).
3, 1601
Let u = -3551 - -3981. Let r(c) = c**2 + 6*c - 3. Let w be r(-6). What are the prime factors of u*w/(15/(-2))?
2, 43
Suppose 3*n - 40905 = 4*z + 6720, -4*n + z + 63513 = 0. List the prime factors of n.
3, 67, 79
List the prime factors of 3688932/340 + (-6)/15 + 3/5.
2, 5, 7, 31
Suppose 5*g = 2*h - 8, 0*g + 4*g + 5 = 3*h. Let o = h - -27. Suppose d = -c + o, -2*c = -0*c - d - 40. What are the prime factors of c?
2, 11
What are the prime factors of 43160/(-104)*64/(-5)?
2, 83
Let f(v) = 5*v - 22. Let s be f(5). Suppose 0 = p + m - 328, -p - p + 658 = s*m. What are the prime factors of p?
2, 163
Let x(i) = 14*i**2 + 78*i + 410. What are the prime factors of x(-31)?
2, 59, 97
Suppose 6*g - 90 = -4*t + 4*g, -3*t + 35 = -5*g. List the prime factors of (2092/t)/((-23)/(-115)).
523
Suppose 41 = 2*q - 7. Let m = q + -24. Let n(f) = f**2 + f + 29. List the prime factors of n(m).
29
Suppose -4*k + 152180 = 2*j, 0*j = -4*k - 3*j + 152178. What are the prime factors of k?
2, 3, 17, 373
Let k = 3436 - -1903. List the prime factors of k.
19, 281
Let p = 36 - 0. Let d = p - 42. What are the prime factors of 3/9*(-216)/d?
2, 3
Let s(j) = -6*j + 6. Let z be s(-8). Suppose x + z = -x. What are the prime factors of (-331)/(-9) - 6/x?
37
Let p(h) = -4*h - 12. Let d be p(-3). Suppose -u + 583 = x, -x + 2*u = -d*x - 574. Suppose -145 + x = 5*g. List the prime factors of g.
3, 29
Suppose 11*d + 1050 = 3*l + 8*d, 5*d - 1750 = -5*l. Let c be 15/((6/33)/2). Let r = l - c. List the prime factors of r.
5, 37
Let q = 572 - 214. Let l = 746 - q. List the prime factors of l.
2, 97
Suppose 18746*r = 18743*r + 103230. List the prime factors of r.
2, 3, 5, 31, 37
Let s be (-1275)/(-21) - 2/(-7). Let b(v) = -v**3 - 4*v**2 + 77*v + 4. Let o be b(-11). Suppose -2*p - o*y + s = p, -2*y = -p + 7. List the prime factors of p.
3, 5
Let k(m) = 11*m**2 - 20*m. Let f = -10 + 15. What are the prime factors of k(f)?
5, 7
Suppose z = 18 - 4. Suppose 10 = 4*p - z. Suppose 2*r - p = 0, r + 202 = -3*n + 604. What are the prime factors of n?
7, 19
Let t = 1588 + -844. Let o = t - 288. List the prime factors of 9/(-6)*o/(-6).
2, 3, 19
Let d(y) = 17*y**2 + 10*y - 12. Let u(k) = -3*k - 68. Let q be u(-25). What are the prime factors of d(q)?
3, 11
Suppose 3 = -l - 1, -3*v - 5*l - 56 = 0. What are the prime factors of 2/(103/546 + 2/v)?
7, 13
Suppose 5*r - 893 = -2*k, -4*k + 2282 = k - 4*r. Suppose g = v - k, 11*g = -5*v + 7*g + 2279. What are the prime factors of v?
5, 7, 13
Let z(j) = -672*j - 372. List the prime factors of z(-12).
2, 3, 641
Let v(x) = -29*x**3 + 3*x**2 - 7*x - 4. Let n(r) = -31*r**3 + 4*r**2 - 9*r - 5. Let i(j) = -6*n(j) + 7*v(j). What are the prime factors of i(-3)?
419
Suppose -2*o - 2*m - m + 11 = 0, o + 2*m = 8. Let f = -1703 + 1700. List the prime factors of 